{"id":5450,"date":"2023-02-14T19:18:38","date_gmt":"2023-02-14T18:18:38","guid":{"rendered":"https:\/\/young-oncologists-united.de\/?post_type=tribe_events&#038;p=5450"},"modified":"2023-02-14T19:18:38","modified_gmt":"2023-02-14T18:18:38","slug":"15-dgp-kongress-2024","status":"publish","type":"tribe_events","link":"https:\/\/young-oncologists-united.de\/?tribe_events=15-dgp-kongress-2024","title":{"rendered":"15. DGP Kongress 2024"},"content":{"rendered":"<p>Der Termin f\u00fcr den 15. Kongress der DGP im Jahr 2024 steht fest: Der Kongress wird vom 25.09. bis 28.09.2024 in Aachen stattfinden.<br \/>\nDer DGP-Vorstand freut sich \u00fcber die Zusagen von Prof. Dr. Roman Rolke und Veronika Sch\u00f6nhofer-Nellessen, welche gemeinsam das Kongresspr\u00e4sidium bilden werden.<\/p>\n<p><strong>Wert(sch\u00e4tzung). Selbst(f\u00fcr)sorge. Gemeinsam. <\/strong>&#8211; so lautet das Motto des 15. DGP Kongresses 2024 in Aachen.<\/p>\n<p>&#8222;Wir m\u00f6chten herzlich zum DGP Kongress 2024 nach Aachen einladen, um in einem wertsch\u00e4tzenden Miteinander zu entdecken, was es f\u00fcr die Palliativversorgung heute und morgen braucht. Die Orientierung an Werten wird dabei so wichtig sein wie die Selbstf\u00fcrsorge der in der palliativen Versorgung T\u00e4tigen, um eine bestm\u00f6gliche Versorgung bei schwerer Krankheit oder am Lebensende zu erm\u00f6glichen. Wir freuen uns auf den Austausch voller Diversit\u00e4t und Zukunftsimpulsen. Das ist palliativ!&#8220;<\/p>\n","protected":false},"excerpt":{"rendered":"<p>Der Termin f\u00fcr den 15. Kongress der DGP im Jahr 2024 steht fest: Der Kongress wird vom 25.09. bis 28.09.2024 in Aachen stattfinden. Der DGP-Vorstand freut sich \u00fcber die Zusagen von Prof. Dr. Roman Rolke und Veronika Sch\u00f6nhofer-Nellessen, welche gemeinsam das Kongresspr\u00e4sidium bilden werden. Wert(sch\u00e4tzung). Selbst(f\u00fcr)sorge. Gemeinsam. &#8211; so lautet das Motto des 15. DGP<\/p>\n","protected":false},"author":1,"featured_media":5444,"template":"","meta":{"_themeisle_gutenberg_block_has_review":false,"_tribe_events_status":"","_tribe_events_status_reason":"","wds_primary_tribe_events_cat":0,"footnotes":""},"tags":[],"tribe_events_cat":[],"class_list":["post-5450","tribe_events","type-tribe_events","status-publish","has-post-thumbnail","hentry"],"_links":{"self":[{"href":"https:\/\/young-oncologists-united.de\/index.php?rest_route=\/wp\/v2\/tribe_events\/5450","targetHints":{"allow":["GET"]}}],"collection":[{"href":"https:\/\/young-oncologists-united.de\/index.php?rest_route=\/wp\/v2\/tribe_events"}],"about":[{"href":"https:\/\/young-oncologists-united.de\/index.php?rest_route=\/wp\/v2\/types\/tribe_events"}],"author":[{"embeddable":true,"href":"https:\/\/young-oncologists-united.de\/index.php?rest_route=\/wp\/v2\/users\/1"}],"version-history":[{"count":1,"href":"https:\/\/young-oncologists-united.de\/index.php?rest_route=\/wp\/v2\/tribe_events\/5450\/revisions"}],"predecessor-version":[{"id":5451,"href":"https:\/\/young-oncologists-united.de\/index.php?rest_route=\/wp\/v2\/tribe_events\/5450\/revisions\/5451"}],"wp:featuredmedia":[{"embeddable":true,"href":"https:\/\/young-oncologists-united.de\/index.php?rest_route=\/wp\/v2\/media\/5444"}],"wp:attachment":[{"href":"https:\/\/young-oncologists-united.de\/index.php?rest_route=%2Fwp%2Fv2%2Fmedia&parent=5450"}],"wp:term":[{"taxonomy":"post_tag","embeddable":true,"href":"https:\/\/young-oncologists-united.de\/index.php?rest_route=%2Fwp%2Fv2%2Ftags&post=5450"},{"taxonomy":"tribe_events_cat","embeddable":true,"href":"https:\/\/young-oncologists-united.de\/index.php?rest_route=%2Fwp%2Fv2%2Ftribe_events_cat&post=5450"}],"curies":[{"name":"wp","href":"https:\/\/api.w.org\/{rel}","templated":true}]}}

<p>Der Termin für den 15. Kongress der DGP im Jahr 2024 steht fest: Der Kongress wird vom 25.09. bis 28.09.2024 in Aachen stattfinden.<br />
Der DGP-Vorstand freut sich über die Zusagen von Prof. Dr. Roman Rolke und Veronika Schönhofer-Nellessen, welche gemeinsam das Kongresspräsidium bilden werden.</p>
<p><strong>Wert(schätzung). Selbst(für)sorge. Gemeinsam. </strong>&#8211; so lautet das Motto des 15. DGP Kongresses 2024 in Aachen.</p>
<p>&#8222;Wir möchten herzlich zum DGP Kongress 2024 nach Aachen einladen, um in einem wertschätzenden Miteinander zu entdecken, was es für die Palliativversorgung heute und morgen braucht. Die Orientierung an Werten wird dabei so wichtig sein wie die Selbstfürsorge der in der palliativen Versorgung Tätigen, um eine bestmögliche Versorgung bei schwerer Krankheit oder am Lebensende zu ermöglichen. Wir freuen uns auf den Austausch voller Diversität und Zukunftsimpulsen. Das ist palliativ!&#8220;</p>

<p>Der Termin für den 15. Kongress der DGP im Jahr 2024 steht fest: Der Kongress wird vom 25.09. bis 28.09.2024 in Aachen stattfinden. Der DGP-Vorstand freut sich über die Zusagen von Prof. Dr. Roman Rolke und Veronika Schönhofer-Nellessen, welche gemeinsam das Kongresspräsidium bilden werden. Wert(schätzung). Selbst(für)sorge. Gemeinsam. &#8211; so lautet das Motto des 15. DGP</p>
